{"id":562,"date":"2019-12-13T11:18:04","date_gmt":"2019-12-13T10:18:04","guid":{"rendered":"https:\/\/www.bastelstube.wien\/plexxart\/?page_id=562"},"modified":"2022-10-31T10:59:54","modified_gmt":"2022-10-31T09:59:54","slug":"ueber-mich","status":"publish","type":"page","link":"https:\/\/www.bastelstube.wien\/plexxart\/ueber-mich\/","title":{"rendered":"About"},"content":{"rendered":"\n<div class=\"wp-block-media-text alignwide is-stacked-on-mobile\" style=\"grid-template-columns:37% auto\"><figure class=\"wp-block-media-text__media\"><img loading=\"lazy\" decoding=\"async\" width=\"500\" height=\"667\" src=\"https:\/\/www.bastelstube.wien\/plexxart\/wp-content\/uploads\/2019\/12\/Portrait3.jpg\" alt=\"\" class=\"wp-image-888\" srcset=\"https:\/\/www.bastelstube.wien\/plexxart\/wp-content\/uploads\/2019\/12\/Portrait3.jpg 500w, https:\/\/www.bastelstube.wien\/plexxart\/wp-content\/uploads\/2019\/12\/Portrait3-225x300.jpg 225w\" sizes=\"auto, (max-width: 500px) 100vw, 500px\" \/><\/figure><div class=\"wp-block-media-text__content\">\n<p style=\"line-height:1.68;letter-spacing:0.6px\" class=\"has-normal-font-size has-custom-lineheight has-custom-letterspacing\">Servus und willkommen auf der Seite von Foto und Filmadaptionen. Mein Name ist Walter Tutschka und ich bin der Betreiber <a rel=\"noreferrer noopener\" aria-label=\"der Werkstatt. (opens in a new tab)\" href=\"https:\/\/www.bastelstube.wien\/plexxart\/standort\/\" target=\"_blank\">der Werkstatt.<\/a> Diese Seite soll mal f\u00fcr alle Besucher Gusto auf getuntes oder verbessertes Film oder Fotoequipment machen.<br>Meine Ausbildung ist gelernter Industriefotograf und sp\u00e4ter ausf\u00fchrender Kameramann im Bereich News, Landesstudio und Seitenblicke.<\/p>\n\n\n\n<p style=\"letter-spacing:0.6px\" class=\"has-normal-font-size has-custom-letterspacing\"><br>Des weiteren m\u00f6chte ich hier mein Reparaturservice anbieten. Dieses reicht von reparieren von Kamerastativen bis Zoomwippen und  all jenen Teilen die mechanischer Art sind. Doch es gibt auch Ger\u00e4te und Teile die ich auf Grund von fehlenden Equipment und fachliches Wissen nicht angreife.<br>Diese habe ich bei den FAQ angef\u00fchrt.<\/p>\n\n\n\n<p><\/p>\n<\/div><\/div>\n","protected":false},"excerpt":{"rendered":"<p>Servus und willkommen auf der Seite von Foto und Filmadaptionen. Mein Name ist Walter Tutschka und ich bin der Betreiber der Werkstatt. Diese Seite soll mal f\u00fcr alle Besucher Gusto auf getuntes oder verbessertes Film oder Fotoequipment machen.Meine Ausbildung ist gelernter Industriefotograf und sp\u00e4ter ausf\u00fchrender Kameramann im Bereich News, Landesstudio und Seitenblicke. Des weiteren m\u00f6chte &hellip; <\/p>\n<p><a class=\"more-link btn\" href=\"https:\/\/www.bastelstube.wien\/plexxart\/ueber-mich\/\">Weiterlesen<\/a><\/p>\n","protected":false},"author":1,"featured_media":0,"parent":0,"menu_order":0,"comment_status":"closed","ping_status":"closed","template":"","meta":{"_coblocks_attr":"","_coblocks_dimensions":"","_coblocks_responsive_height":"","_coblocks_accordion_ie_support":"","footnotes":""},"class_list":["post-562","page","type-page","status-publish","hentry","nodate","item-wrap"],"aioseo_notices":[],"_links":{"self":[{"href":"https:\/\/www.bastelstube.wien\/plexxart\/wp-json\/wp\/v2\/pages\/562","targetHints":{"allow":["GET"]}}],"collection":[{"href":"https:\/\/www.bastelstube.wien\/plexxart\/wp-json\/wp\/v2\/pages"}],"about":[{"href":"https:\/\/www.bastelstube.wien\/plexxart\/wp-json\/wp\/v2\/types\/page"}],"author":[{"embeddable":true,"href":"https:\/\/www.bastelstube.wien\/plexxart\/wp-json\/wp\/v2\/users\/1"}],"replies":[{"embeddable":true,"href":"https:\/\/www.bastelstube.wien\/plexxart\/wp-json\/wp\/v2\/comments?post=562"}],"version-history":[{"count":14,"href":"https:\/\/www.bastelstube.wien\/plexxart\/wp-json\/wp\/v2\/pages\/562\/revisions"}],"predecessor-version":[{"id":889,"href":"https:\/\/www.bastelstube.wien\/plexxart\/wp-json\/wp\/v2\/pages\/562\/revisions\/889"}],"wp:attachment":[{"href":"https:\/\/www.bastelstube.wien\/plexxart\/wp-json\/wp\/v2\/media?parent=562"}],"curies":[{"name":"wp","href":"https:\/\/api.w.org\/{rel}","templated":true}]}}